{"id":5308,"date":"2025-07-25T08:31:35","date_gmt":"2025-07-25T08:31:35","guid":{"rendered":"https:\/\/chateaudesboulard.com\/?page_id=5308"},"modified":"2025-07-25T08:40:39","modified_gmt":"2025-07-25T08:40:39","slug":"lhistoire","status":"publish","type":"page","link":"https:\/\/chateaudesboulard.com\/index.php\/lhistoire\/","title":{"rendered":"L&rsquo;histoire"},"content":{"rendered":"\t\t<div data-elementor-type=\"wp-page\" data-elementor-id=\"5308\" class=\"elementor elementor-5308\">\n\t\t\t\t<div class=\"elementor-element elementor-element-415e67b e-flex e-con-boxed e-con e-parent\" data-id=\"415e67b\" data-element_type=\"container\">\n\t\t\t\t\t<div class=\"e-con-inner\">\n\t\t\t\t<div class=\"elementor-element elementor-element-215d439 elementor-widget elementor-widget-ova_heading_page\" data-id=\"215d439\" data-element_type=\"widget\" data-widget_type=\"ova_heading_page.default\">\n\t\t\t\t<div class=\"elementor-widget-container\">\n\t\t\t\t\t\n\t\t<section class=\"heading-page\" style=\"background-image: url(http:\/\/chateaudesboulard.com\/wp-content\/uploads\/2025\/07\/IMG_2171.jpg)\" >\n\t\t\t<div class=\"container\">\n\t\t\t\t<div class=\"cta-content\">\n\t\t\t\t\t\t\t\t\t\t\t<h2 class=\"second_font\">L&#039;histoire<\/h2>\n\t\t\t\t\t\t\t\t\t\t\n\t\t\t\t<\/div>\n\t\t\t<\/div>\n\t\t<\/section>\n\n\t\t\t\t\t<\/div>\n\t\t\t\t<\/div>\n\t\t\t\t\t<\/div>\n\t\t\t\t<\/div>\n\t\t<div class=\"elementor-element elementor-element-905eb21 e-flex e-con-boxed e-con e-parent\" data-id=\"905eb21\" data-element_type=\"container\">\n\t\t\t\t\t<div class=\"e-con-inner\">\n\t\t\t\t<div class=\"elementor-element elementor-element-25872df elementor-widget elementor-widget-text-editor\" data-id=\"25872df\" data-element_type=\"widget\" data-widget_type=\"text-editor.default\">\n\t\t\t\t\t\t\t\t\t<p><img fetchpriority=\"high\" decoding=\"async\" class=\"wp-image-5314  alignright\" src=\"http:\/\/chateaudesboulard.com\/wp-content\/uploads\/2025\/07\/Chateau-26-5-12-300x300-1.jpg\" alt=\"\" width=\"331\" height=\"331\" srcset=\"https:\/\/chateaudesboulard.com\/wp-content\/uploads\/2025\/07\/Chateau-26-5-12-300x300-1.jpg 300w, https:\/\/chateaudesboulard.com\/wp-content\/uploads\/2025\/07\/Chateau-26-5-12-300x300-1-150x150.jpg 150w, https:\/\/chateaudesboulard.com\/wp-content\/uploads\/2025\/07\/Chateau-26-5-12-300x300-1-100x100.jpg 100w\" sizes=\"(max-width: 331px) 100vw, 331px\" \/><span style=\"letter-spacing: 0.2px;\"><br \/><\/span><\/p><p><span class=\"elementor-drop-cap\"><span class=\"elementor-drop-cap-letter\">L<\/span><\/span>e ch\u00e2teau des Boulard, connu sous le nom de ch\u00e2teau de Spoir, a \u00e9t\u00e9 \u00e9difi\u00e9 en 1768 par la Seigneurie de B\u00e9rou : \u00ab Nous avons tr\u00e8s peu d\u2019\u00e9l\u00e9ments historiques. \u00bbLe ch\u00e2teau a \u00e9t\u00e9 agrandi au XIX\u00a0<span class=\"sup\">e<\/span>\u00a0si\u00e8cle par l\u2019ajout de deux ailes qui encadrent la construction d\u2019origine. Il a h\u00e9berg\u00e9 un internat public destin\u00e9 \u00e0 l\u2019accueil des enfants \u00e0 partir de 1953.<\/p><p>\u00a0Rester \u00e0 l\u2019abandon depuis 30 ans, c\u2019est en 2004 que la famille Boulard a d\u00e9cid\u00e9 d\u2019acheter ce lieu\u00a0 en ruine afin de le r\u00e9nover et de pouvoir le garder dans le patrimoine de la r\u00e9gion.\u00a0 Depuis pour continuer \u00e0 restaurer le ch\u00e2teau, diff\u00e9rentes activit\u00e9s, mariages, s\u00e9minaires, etc. sont organis\u00e9es pour trouver les fonds n\u00e9cessaires \u00e0 sa restauration.<\/p><p><span style=\"letter-spacing: 0.2px;\">\u00a0<\/span><\/p>\t\t\t\t\t\t\t\t<\/div>\n\t\t\t\t\t<\/div>\n\t\t\t\t<\/div>\n\t\t<div class=\"elementor-element elementor-element-b2b017e e-grid e-con-boxed e-con e-parent\" data-id=\"b2b017e\" data-element_type=\"container\">\n\t\t\t\t\t<div class=\"e-con-inner\">\n\t\t\t\t<div class=\"elementor-element elementor-element-855aa86 elementor-widget elementor-widget-testimonial\" data-id=\"855aa86\" data-element_type=\"widget\" data-widget_type=\"testimonial.default\">\n\t\t\t\t\t\t\t<div class=\"elementor-testimonial-wrapper\">\n\t\t\t\t\t\t\t<div class=\"elementor-testimonial-content\">\" Au d\u00e9part, il y a une passion pour le lieu. Je voulais le sauver de la destruction.\"<\/div>\n\t\t\t\n\t\t\t\t\t\t<div class=\"elementor-testimonial-meta elementor-has-image elementor-testimonial-image-position-aside\">\n\t\t\t\t<div class=\"elementor-testimonial-meta-inner\">\n\t\t\t\t\t\t\t\t\t\t\t<div class=\"elementor-testimonial-image\">\n\t\t\t\t\t\t\t<img decoding=\"async\" src=\"https:\/\/chateaudesboulard.com\/wp-content\/plugins\/elementor\/assets\/images\/placeholder.png\" title=\"\" alt=\"\" loading=\"lazy\" \/>\t\t\t\t\t\t<\/div>\n\t\t\t\t\t\n\t\t\t\t\t\t\t\t\t\t<div class=\"elementor-testimonial-details\">\n\t\t\t\t\t\t\t\t\t\t\t\t\t\t<div class=\"elementor-testimonial-name\">Bruno Boulard<\/div>\n\t\t\t\t\t\t\t\t\t\t\t\t\t\t\t\t\t\t\t\t\t\t<div class=\"elementor-testimonial-job\">Propri\u00e9taire<\/div>\n\t\t\t\t\t\t\t\t\t\t\t\t\t<\/div>\n\t\t\t\t\t\t\t\t\t<\/div>\n\t\t\t<\/div>\n\t\t\t\t\t<\/div>\n\t\t\t\t\t\t<\/div>\n\t\t\t\t\t<\/div>\n\t\t\t\t<\/div>\n\t\t\t\t<\/div>\n\t\t","protected":false},"excerpt":{"rendered":"<p>L&#039;histoire Le ch\u00e2teau des Boulard, connu sous le nom de ch\u00e2teau de Spoir, a \u00e9t\u00e9 \u00e9difi\u00e9 en 1768 par la Seigneurie de B\u00e9rou : \u00ab Nous avons tr\u00e8s peu d\u2019\u00e9l\u00e9ments historiques. \u00bbLe ch\u00e2teau a \u00e9t\u00e9 agrandi au XIX\u00a0e\u00a0si\u00e8cle par l\u2019ajout de deux ailes qui encadrent la construction d\u2019origine. Il a h\u00e9berg\u00e9 un internat public destin\u00e9 [&hellip;]<\/p>\n","protected":false},"author":1,"featured_media":0,"parent":0,"menu_order":0,"comment_status":"closed","ping_status":"closed","template":"","meta":{"give_campaign_id":0,"_monsterinsights_skip_tracking":false,"_monsterinsights_sitenote_active":false,"_monsterinsights_sitenote_note":"","_monsterinsights_sitenote_category":0,"footnotes":""},"class_list":["post-5308","page","type-page","status-publish","hentry"],"aioseo_notices":[],"campaignId":"","_links":{"self":[{"href":"https:\/\/chateaudesboulard.com\/index.php\/wp-json\/wp\/v2\/pages\/5308","targetHints":{"allow":["GET"]}}],"collection":[{"href":"https:\/\/chateaudesboulard.com\/index.php\/wp-json\/wp\/v2\/pages"}],"about":[{"href":"https:\/\/chateaudesboulard.com\/index.php\/wp-json\/wp\/v2\/types\/page"}],"author":[{"embeddable":true,"href":"https:\/\/chateaudesboulard.com\/index.php\/wp-json\/wp\/v2\/users\/1"}],"replies":[{"embeddable":true,"href":"https:\/\/chateaudesboulard.com\/index.php\/wp-json\/wp\/v2\/comments?post=5308"}],"version-history":[{"count":10,"href":"https:\/\/chateaudesboulard.com\/index.php\/wp-json\/wp\/v2\/pages\/5308\/revisions"}],"predecessor-version":[{"id":5320,"href":"https:\/\/chateaudesboulard.com\/index.php\/wp-json\/wp\/v2\/pages\/5308\/revisions\/5320"}],"wp:attachment":[{"href":"https:\/\/chateaudesboulard.com\/index.php\/wp-json\/wp\/v2\/media?parent=5308"}],"curies":[{"name":"wp","href":"https:\/\/api.w.org\/{rel}","templated":true}]}}